{"id":76,"date":"2022-02-14T11:20:54","date_gmt":"2022-02-14T10:20:54","guid":{"rendered":"https:\/\/przegorzaly.ccmiatfdtj.cfolks.pl\/?page_id=76"},"modified":"2022-11-13T21:59:22","modified_gmt":"2022-11-13T20:59:22","slug":"historia","status":"publish","type":"page","link":"https:\/\/przegorzaly.pl\/?page_id=76","title":{"rendered":"Historia"},"content":{"rendered":"<p>Pierwsze wzmianki o pobycie ojc\u00f3w Jezuit\u00f3w w Przegorza\u0142ach na tzw. \u201ewielkich wakacjach&#8221; pochodz\u0105 z 5 maja 1881 r. \u201eJu\u017c od dawna odczuwa\u0142 si\u0119 brak willi dla naszego kolegium, odbywali\u015bmy wtedy wycieczk\u0119 na Srebrn\u0105 G\u00f3r\u0119 (Bielany), co nie by\u0142o \u0142atwe z powodu zbyt wielkiej odleg\u0142o\u015bci. Tej trudno\u015bci zaradzono wynajmuj\u0105c dom we wsi podmiejskiej (Przegorza\u0142y) w odleg\u0142o\u015bci jednej godziny drogi od miasta i do naszego u\u017cytku przystosowuj\u0105c, r\u00f3\u017cnymi niezb\u0119dnymi i u\u017cytecznymi sprz\u0119tami wyposa\u017caj\u0105c. 5 przeto maja wzi\u0119li\u015bmy szcz\u0119\u015bliwie w u\u017cywanie now\u0105 will\u0119&#8221;.<\/p>\n<p>W roku 1888 Jezuici z kolegium krakowskiego kupili posiad\u0142o\u015b\u0107 w Przegorza\u0142ach, a w roku 1890 podj\u0119to decyzj\u0119 rozbudowy willi i zarazem budowy pierwszej kaplicy. Prace te powierzono budowniczemu Stanis\u0142awowi Krzy\u017canowskiemu. W okresie od 1888 do 1950 r. posiad\u0142o\u015b\u0107 oo. Jezuit\u00f3w w Przegorza\u0142ach przechodzi\u0142a r\u00f3\u017cne koleje losu. Jezuici zamieszkiwali w willi tylko czasowo w tzw. \u201ewielkie wakacje&#8221; i podczas rekolekcji. Parokrotnie w ci\u0105gu roku Wydawnictwo Apostolstwa Modlitwy urz\u0105dza\u0142o w willi dni wypoczynku dla swoich pracownik\u00f3w, tak \u015bwieckich jak i duchownych oraz spotkania pisarzy i profesor\u00f3w. W okresie wojny (1940-1941) posiad\u0142o\u015b\u0107 jezuicka przeznaczona by\u0142a dla stra\u017cy przybocznej (warty) gubernatora dr. Otto Wachtera, p\u00f3\u017aniej mieszkali w niej podobno mechanicy i robotnicy z wodoci\u0105g\u00f3w.<\/p>\n<p>W okresie budowy zamku w Przegorza\u0142ach (du\u017cy budynek obok willi Szyszko-Bohusza) w willi jezuickiej zamieszkiwali junacy ze S\u0142u\u017cby Budowlanej tzw. Baudienst. Do ko\u0144ca wojny pomieszczenia zajmowali oficerowie niemieccy. Po wojnie o pomieszczenia upomnia\u0142a si\u0119 Samopomoc Ch\u0142opska w Przegorza\u0142ach, kt\u00f3ra pismem z dnia 5 lutego 1949 r. wyst\u0105pi\u0142a o zaj\u0119cie willi na przedszkole, bibliotek\u0119 i \u015bwietlic\u0119.<\/p>\n<p>Wiosn\u0105 1949 r. z inicjatywy mieszka\u0144c\u00f3w Przegorza\u0142 na werandzie odprawia\u0107 zacz\u0119to nabo\u017ce\u0144stwa majowe: \u201eUstawiono wi\u0119c na werandzie prowizoryczny o\u0142tarz z figur\u0105 NMP Niepokalanego Pocz\u0119cia. Mieszka\u0144cy ozdobili o\u0142tarz kwiatami i przez ca\u0142y maj rozbrzmiewa\u0142y wieczorami wezwania litanii loreta\u0144skiej i pie\u015bni maryjne&#8230; W pierwszych dniach czerwca urz\u0105dzono prowizoryczn\u0105 kaplic\u0119 w naro\u017cnym pokoju z trzema oknami na werand\u0119 tak, \u017ce z werandy mo\u017cna by\u0142o widzie\u0107 o\u0142tarz i bra\u0107 udzia\u0142 w nabo\u017ce\u0144stwie&#8230; Odnowiono te\u017c na poddaszu dwa pokoje dla ksi\u0119dza i brata. Od czerwca 1949 r. zacz\u0119to w niedziele i \u015bwi\u0119ta oraz pierwsze pi\u0105tki odprawia\u0107 Msze \u015bw&#8230; Jeden z ojc\u00f3w doje\u017cd\u017ca\u0142 przewa\u017cnie z bratem Stanis\u0142awem z kolegium z Krakowa&#8221;. <\/p>\n<p>W roku 1949 ks. Kanonik W\u0142adys\u0142aw D\u0142ugosz &#8211; proboszcz parafii Naj\u015bwi\u0119tszego Salwatora na Zwierzy\u0144cu zaproponowa\u0142 utworzenie ekspozytury parafialnej w Przegorza\u0142ach. Mieszka\u0144cy Przegorza\u0142 byli notowani w ksi\u0119gach Urz\u0119du Parafialnego Naj\u015bwi\u0119tszego Salwatora ju\u017c od 1531 roku. W okresie od VIII &#8211; X 1949 r. rozpocz\u0119to budow\u0119 drugiej kaplicy (rozbudowa ju\u017c istniej\u0105cej), kt\u00f3rej projektantem i wykonawc\u0105 by\u0142 W\u0142adys\u0142aw Stupnicki. 16 kwietnia 1950 roku erygowano parafi\u0119 na Przegorza\u0142ach. <\/p>\n<p>ngg_shortcode_0_placeholderwi\u0119cej patrz <strong><a href=\"https:\/\/przegorzaly.pl\/?page_id=53\">Historia parafii<\/a><\/strong><\/p>\n","protected":false},"excerpt":{"rendered":"<p>Pierwsze wzmianki o pobycie ojc\u00f3w Jezuit\u00f3w w Przegorza\u0142ach na tzw. \u201ewielkich wakacjach&#8221; pochodz\u0105 z 5 maja 1881 r. \u201eJu\u017c od dawna odczuwa\u0142 si\u0119 brak willi dla naszego kolegium, odbywali\u015bmy wtedy wycieczk\u0119 na Srebrn\u0105 G\u00f3r\u0119 (Bielany), co nie by\u0142o \u0142atwe z powodu zbyt wielkiej odleg\u0142o\u015bci. Tej trudno\u015bci zaradzono wynajmuj\u0105c dom we wsi podmiejskiej (Przegorza\u0142y) w odleg\u0142o\u015bci [&hellip;]<\/p>\n","protected":false},"author":207,"featured_media":0,"parent":0,"menu_order":1,"comment_status":"closed","ping_status":"closed","template":"","meta":{"_et_pb_use_builder":"","_et_pb_old_content":"","_et_gb_content_width":"","ngg_post_thumbnail":0,"footnotes":""},"class_list":["post-76","page","type-page","status-publish","hentry"],"_links":{"self":[{"href":"https:\/\/przegorzaly.pl\/index.php?rest_route=\/wp\/v2\/pages\/76","targetHints":{"allow":["GET"]}}],"collection":[{"href":"https:\/\/przegorzaly.pl\/index.php?rest_route=\/wp\/v2\/pages"}],"about":[{"href":"https:\/\/przegorzaly.pl\/index.php?rest_route=\/wp\/v2\/types\/page"}],"author":[{"embeddable":true,"href":"https:\/\/przegorzaly.pl\/index.php?rest_route=\/wp\/v2\/users\/207"}],"replies":[{"embeddable":true,"href":"https:\/\/przegorzaly.pl\/index.php?rest_route=%2Fwp%2Fv2%2Fcomments&post=76"}],"version-history":[{"count":12,"href":"https:\/\/przegorzaly.pl\/index.php?rest_route=\/wp\/v2\/pages\/76\/revisions"}],"predecessor-version":[{"id":987,"href":"https:\/\/przegorzaly.pl\/index.php?rest_route=\/wp\/v2\/pages\/76\/revisions\/987"}],"wp:attachment":[{"href":"https:\/\/przegorzaly.pl\/index.php?rest_route=%2Fwp%2Fv2%2Fmedia&parent=76"}],"curies":[{"name":"wp","href":"https:\/\/api.w.org\/{rel}","templated":true}]}}