{"id":53,"date":"2022-02-14T11:07:01","date_gmt":"2022-02-14T10:07:01","guid":{"rendered":"https:\/\/przegorzaly.ccmiatfdtj.cfolks.pl\/?page_id=53"},"modified":"2022-09-11T08:52:30","modified_gmt":"2022-09-11T07:52:30","slug":"historia-parafii","status":"publish","type":"page","link":"https:\/\/przegorzaly.pl\/?page_id=53","title":{"rendered":"Historia parafii"},"content":{"rendered":"<p style=\"text-align: left\"><span style=\"color: #000000\">16 kwietnia 1950 roku na mocy dekretu eryguj\u0105cego parafi\u0119 na Przegorza\u0142ach, a podpisanego przez Kardyna\u0142a Adama Sapieh\u0119 nast\u0105pi\u0142o formalne otwarcie ekspozytury parafialnej na Przegorza\u0142ach.<\/span><\/p>\r\n<p style=\"text-align: left\"><span style=\"color: #000000\">Pierwszym proboszczem zosta\u0142 mianowany ks. Stanis\u0142aw B\u0105k.<\/span><\/p>\r\n<p style=\"text-align: left\"><span style=\"color: #000000\">Cztery miesi\u0105ce p\u00f3\u017aniej &#8211; 13 sierpnia 1950 r. odby\u0142o si\u0119 po\u015bwi\u0119cenie chor\u0105gwi z obrazem Niepokalanego Serca Maryi i Pana Jezusa, a po\u015bwi\u0119cenia dokona\u0142 ks. Infu\u0142at Ferdynand Machay. Dla ozdobienia o\u0142tarza w odnowionej kaplicy dr Maria Spiss podarowa\u0142a w roku 1952 obraz olejny p\u0119dzla J\u00f3zefa Unierzyskiego (profesora ASP, ucznia i zi\u0119cia Jana Matejki). Obraz ten wisia\u0142 w g\u0142\u00f3wnym o\u0142tarzu kaplicy do roku 1967.<\/span><\/p>\r\n<p style=\"text-align: center\"><img loading=\"lazy\" decoding=\"async\" class=\"aligncenter wp-image-169 size-medium\" src=\"https:\/\/przegorzaly.pl\/files\/2022\/02\/Unierzyski-244x300.jpg\" alt=\"\" width=\"244\" height=\"300\" srcset=\"https:\/\/przegorzaly.pl\/files\/2022\/02\/Unierzyski-244x300.jpg 244w, https:\/\/przegorzaly.pl\/files\/2022\/02\/Unierzyski.jpg 650w\" sizes=\"(max-width: 244px) 100vw, 244px\" \/><\/p>\r\n<p style=\"text-align: center\">W roku 1967 przyst\u0105piono do trzeciej przebudowy kaplicy. Inicjatorem by\u0142 dotychczasowy proboszcz ks. Stanis\u0142aw B\u0105k, a po jego odej\u015bciu projekt ten realizowa\u0142 ks. Marian Ku\u015bmierz, kt\u00f3rego na stanowisko wikariusza ekonoma parafii w Przegorza\u0142ach powo\u0142a\u0142 \u00f3wczesny Kardyna\u0142 Karol Wojty\u0142a. Autorem projektu by\u0142 artysta plastyk Wiktor Ostrzo\u0142ek, jego autorstwa s\u0105 witra\u017ce w oknach kaplicy:&nbsp;<\/p>\r\n<p style=\"text-align: center\"><img loading=\"lazy\" decoding=\"async\" class=\"aligncenter wp-image-174 size-medium\" src=\"https:\/\/przegorzaly.pl\/files\/2022\/02\/witraz_1-150x300.jpg\" alt=\"\" width=\"150\" height=\"300\" srcset=\"https:\/\/przegorzaly.pl\/files\/2022\/02\/witraz_1-150x300.jpg 150w, https:\/\/przegorzaly.pl\/files\/2022\/02\/witraz_1.jpg 399w\" sizes=\"(max-width: 150px) 100vw, 150px\" \/> Ukrzy\u017cowanie<\/p>\r\n<p style=\"text-align: center\"><img loading=\"lazy\" decoding=\"async\" class=\"aligncenter wp-image-173 size-medium\" src=\"https:\/\/przegorzaly.pl\/files\/2022\/02\/witraz_2-134x300.jpg\" alt=\"\" width=\"134\" height=\"300\" srcset=\"https:\/\/przegorzaly.pl\/files\/2022\/02\/witraz_2-134x300.jpg 134w, https:\/\/przegorzaly.pl\/files\/2022\/02\/witraz_2.jpg 358w\" sizes=\"(max-width: 134px) 100vw, 134px\" \/> Ostatnia Wieczerza<\/p>\r\n<p style=\"text-align: center\"><img loading=\"lazy\" decoding=\"async\" class=\"aligncenter wp-image-172 size-medium\" src=\"https:\/\/przegorzaly.pl\/files\/2022\/02\/witraz_3-142x300.jpg\" alt=\"\" width=\"142\" height=\"300\" srcset=\"https:\/\/przegorzaly.pl\/files\/2022\/02\/witraz_3-142x300.jpg 142w, https:\/\/przegorzaly.pl\/files\/2022\/02\/witraz_3.jpg 378w\" sizes=\"(max-width: 142px) 100vw, 142px\" \/> Ofiara Izaaka<\/p>\r\n<p style=\"text-align: center\"><img loading=\"lazy\" decoding=\"async\" class=\"aligncenter wp-image-171 size-medium\" src=\"https:\/\/przegorzaly.pl\/files\/2022\/02\/witraz_4-136x300.jpg\" alt=\"\" width=\"136\" height=\"300\" srcset=\"https:\/\/przegorzaly.pl\/files\/2022\/02\/witraz_4-136x300.jpg 136w, https:\/\/przegorzaly.pl\/files\/2022\/02\/witraz_4.jpg 363w\" sizes=\"(max-width: 136px) 100vw, 136px\" \/> Ofiara Melchizedeka<\/p>\r\n<p style=\"text-align: center\"><img loading=\"lazy\" decoding=\"async\" class=\"aligncenter wp-image-170 size-medium\" src=\"https:\/\/przegorzaly.pl\/files\/2022\/02\/witraz_5-223x300.jpg\" alt=\"\" width=\"223\" height=\"300\" srcset=\"https:\/\/przegorzaly.pl\/files\/2022\/02\/witraz_5-223x300.jpg 223w, https:\/\/przegorzaly.pl\/files\/2022\/02\/witraz_5.jpg 595w\" sizes=\"(max-width: 223px) 100vw, 223px\" \/> Ofiara Abla<\/p>\r\n<p>&nbsp;<\/p>\r\n<p><img loading=\"lazy\" decoding=\"async\" class=\"aligncenter wp-image-175 size-medium\" src=\"https:\/\/przegorzaly.pl\/files\/2022\/02\/KrzyzMisyjny-300x265.jpg\" alt=\"\" width=\"300\" height=\"265\" srcset=\"https:\/\/przegorzaly.pl\/files\/2022\/02\/KrzyzMisyjny-300x265.jpg 300w, https:\/\/przegorzaly.pl\/files\/2022\/02\/KrzyzMisyjny-768x679.jpg 768w, https:\/\/przegorzaly.pl\/files\/2022\/02\/KrzyzMisyjny.jpg 905w\" sizes=\"(max-width: 300px) 100vw, 300px\" \/>Krzy\u017c misyjny znajduj\u0105cy si\u0119 obok g\u0142\u00f3wnego wej\u015bcia do ko\u015bcio\u0142a po\u015bwi\u0119cony zosta\u0142 22.09.1968 r. Jest to drugi krzy\u017c. Pierwszy sta\u0142 w tym miejscu w latach 1950 &#8211; 1968.<\/p>\r\n<p>Czwarta rozbudowa i modernizacja budynku OO. Jezuit\u00f3w wg projektu Wojciecha Pietraszewskiego prowadzona by\u0142a w latach 1970 &#8211; 1973, a jej ostateczny wygl\u0105d i wystr\u00f3j jest dzie\u0142em ma\u0142\u017ce\u0144stwa Heleny i Romana Husarskich &#8211; artyst\u00f3w plastyk\u00f3w, mieszka\u0144c\u00f3w Przegorza\u0142 oraz ich c\u00f3rki Joanny Husarskiej-Chmielarz i jej m\u0119\u017ca Adama.<\/p>\r\n<p>W 1986 r. utworzona zosta\u0142a parafia w Bielanach przez co znacznie zmniejszy\u0142a si\u0119 ilo\u015b\u0107 wiernych w parafii Chrystusa Kr\u00f3la. Obecnie parafia liczy oko\u0142o 900 os\u00f3b.<\/p>\r\n<p><strong><span style=\"color: #000000\">Proboszczowie parafii:<\/span><\/strong><br><span style=\"color: #000000\">Stanis\u0142aw B\u0105k 1950 &#8211; 1967<\/span><br><span style=\"color: #000000\">Marian Ku\u015bmierz 1967 &#8211; 1974<\/span><br><span style=\"color: #000000\">J\u00f3zef Olejarski 1974 &#8211; 1986<\/span><br><span style=\"color: #000000\">Stanis\u0142aw Piotrowski 1986 &#8211; 1992<\/span><br><span style=\"color: #000000\">Leszek Balczewski 1992 &#8211; 1994<\/span><br><span style=\"color: #000000\">Piotr Blajerowski 1994 &#8211; 1996<\/span><br><span style=\"color: #000000\">Tadeusz Loska 1996 &#8211; 2001<\/span><br><span style=\"color: #000000\">Stanis\u0142aw Mrozek 2001 &#8211; 2004<\/span><br><span style=\"color: #000000\">Antoni Mencel 2004 &#8211; 2008<\/span><br><span style=\"color: #000000\">Andrzej Hajduk 2008 &#8211; 2016 <\/span><br><span style=\"color: #000000\">Stanis\u0142aw Data 2016 &#8211; 2022<br><\/span><\/p>\r\n<p>Dariusz Da\u0144kowski 2022 &#8211;<\/p>\r\n<p>&nbsp;<\/p>\r\n<p><\/p>\r\n<p>&nbsp;<\/p>\r\n<p><\/p>","protected":false},"excerpt":{"rendered":"<p>16 kwietnia 1950 roku na mocy dekretu eryguj\u0105cego parafi\u0119 na Przegorza\u0142ach, a podpisanego przez Kardyna\u0142a Adama Sapieh\u0119 nast\u0105pi\u0142o formalne otwarcie ekspozytury parafialnej na Przegorza\u0142ach. Pierwszym proboszczem zosta\u0142 mianowany ks. Stanis\u0142aw B\u0105k. Cztery miesi\u0105ce p\u00f3\u017aniej &#8211; 13 sierpnia 1950 r. odby\u0142o si\u0119 po\u015bwi\u0119cenie chor\u0105gwi z obrazem Niepokalanego Serca Maryi i Pana Jezusa, a po\u015bwi\u0119cenia dokona\u0142 ks. [&hellip;]<\/p>\n","protected":false},"author":207,"featured_media":0,"parent":0,"menu_order":2,"comment_status":"closed","ping_status":"closed","template":"","meta":{"_et_pb_use_builder":"","_et_pb_old_content":"","_et_gb_content_width":"","ngg_post_thumbnail":0,"footnotes":""},"class_list":["post-53","page","type-page","status-publish","hentry"],"_links":{"self":[{"href":"https:\/\/przegorzaly.pl\/index.php?rest_route=\/wp\/v2\/pages\/53","targetHints":{"allow":["GET"]}}],"collection":[{"href":"https:\/\/przegorzaly.pl\/index.php?rest_route=\/wp\/v2\/pages"}],"about":[{"href":"https:\/\/przegorzaly.pl\/index.php?rest_route=\/wp\/v2\/types\/page"}],"author":[{"embeddable":true,"href":"https:\/\/przegorzaly.pl\/index.php?rest_route=\/wp\/v2\/users\/207"}],"replies":[{"embeddable":true,"href":"https:\/\/przegorzaly.pl\/index.php?rest_route=%2Fwp%2Fv2%2Fcomments&post=53"}],"version-history":[{"count":21,"href":"https:\/\/przegorzaly.pl\/index.php?rest_route=\/wp\/v2\/pages\/53\/revisions"}],"predecessor-version":[{"id":624,"href":"https:\/\/przegorzaly.pl\/index.php?rest_route=\/wp\/v2\/pages\/53\/revisions\/624"}],"wp:attachment":[{"href":"https:\/\/przegorzaly.pl\/index.php?rest_route=%2Fwp%2Fv2%2Fmedia&parent=53"}],"curies":[{"name":"wp","href":"https:\/\/api.w.org\/{rel}","templated":true}]}}