{"id":156,"date":"2024-10-14T17:27:28","date_gmt":"2024-10-14T15:27:28","guid":{"rendered":"https:\/\/przegorzaly.ccmiatfdtj.cfolks.pl\/?page_id=156"},"modified":"2026-03-31T14:45:21","modified_gmt":"2026-03-31T12:45:21","slug":"glowna","status":"publish","type":"page","link":"https:\/\/przegorzaly.pl\/","title":{"rendered":"Parafia Chrystusa Kr\u00f3la w Krakowie-Przegorza\u0142ach"},"content":{"rendered":"\r\n<div class=\"wp-block-image\" style=\"text-align: center\">\r\n<p><span style=\"color: #ff0000\" data-darkreader-inline-color=\"\"><strong>MSZE \u015aWI\u0118TE:<\/strong><\/span><br><span style=\"color: #333333\" data-darkreader-inline-color=\"\">Niedziele i \u015bwi\u0119ta: <strong>7.30, 9.00, 11.00<\/strong> (dla dzieci), <strong>18.00<\/strong><\/span><br><span style=\"color: #333333\" data-darkreader-inline-color=\"\">Dni powszednie: <strong>7.30, 18.00<\/strong><\/span><\/p>\r\n<p><span style=\"color: #800080\" data-darkreader-inline-color=\"\"><strong>SPOWIED\u0179<\/strong><\/span><br><span style=\"color: #333333\" data-darkreader-inline-color=\"\">Podczas ka\u017cdej Mszy w soboty, niedziele i pierwsze pi\u0105tki miesi\u0105ca, a w tygodniu &#8211; po zg\u0142oszeniu tego w zakrystii<\/span><\/p>\r\n<p><span style=\"color: #ff9900\" data-darkreader-inline-color=\"\"><strong>ADORACJA NAJ\u015aW. SAKRAMENTU<\/strong><\/span><br><span style=\"color: #333333\" data-darkreader-inline-color=\"\">Pierwszy wtorek miesi\u0105ca &#8211; 17.30 &#8211; 18.00<\/span><\/p>\r\n<p>&nbsp;<span style=\"color: #993366\" data-darkreader-inline-color=\"\"><strong>TRIDUUM PASCHALNE<\/strong><\/span><br><strong>Wielki Czwartek<\/strong> \u2013 godz. 18:00<br><strong>Wielki Pi\u0105tek<\/strong> \u2013 Droga Krzy\u017cowa \u2013 15:00 \u2013 Liturgia Krzy\u017ca \u2013 godz. 18:00<br><strong>Wielka Sobota<\/strong> \u2013 Wigilia Paschalna \u2013 godz. 19:00<br>\u015awi\u0119cenie pokarm\u00f3w \u2013 od godz. 10:00 do 14:00 \u2013 co p\u00f3\u0142 godziny<\/p>\r\n<\/div>\r\n<div class=\"wp-block-image\" style=\"text-align: center\">\r\n<p><b style=\"color: #993366\" data-darkreader-inline-color=\"\">\ud83d\udcd6 <\/b><span style=\"color: #000080\" data-darkreader-inline-color=\"\"><strong>SPOTKANIA GRUPY BIBLIJNEJ <\/strong><\/span><b style=\"color: #993366\" data-darkreader-inline-color=\"\">\ud83d\udcd6<br><\/b><span style=\"color: #333333\" data-darkreader-inline-color=\"\">Ka\u017cda <strong>czwarta niedziela<\/strong> miesi\u0105ca<\/span><br><span style=\"color: #333333\" data-darkreader-inline-color=\"\">\ud83d\udd53Godz. <strong>16:30<\/strong> w salce parafialnej<\/span><br><span style=\"color: #333333\" data-darkreader-inline-color=\"\">Zobacz nasz plakat \ud83d\udc49 <a style=\"color: #333333\" href=\"https:\/\/przegorzaly.pl\/files\/2025\/11\/Plakat-Dolacz-do-naszej-grupy-biblijnej.png\" data-darkreader-inline-color=\"\">kliknij, aby wy\u015bwietli\u0107<\/a><\/span><\/p>\r\n<\/div>\r\n<div class=\"wp-block-image\" style=\"text-align: center\">\r\n<p>&nbsp;<\/p>\r\n<figure class=\"aligncenter size-full is-resized\"><img loading=\"lazy\" decoding=\"async\" class=\"wp-image-40\" src=\"https:\/\/przegorzaly.jezuici.plici.pl\/wp-content\/blogs.dir\/152\/files\/2022\/02\/krkow.jpg\" alt=\"\" width=\"864\" height=\"648\" srcset=\"https:\/\/przegorzaly.pl\/files\/2022\/02\/krkow.jpg 640w, https:\/\/przegorzaly.pl\/files\/2022\/02\/krkow-300x225.jpg 300w\" sizes=\"(max-width: 864px) 100vw, 864px\" \/><\/figure>\r\n<\/div>\r\n<p><!--more--><\/p>\r\n<!-- \/wp:post-content -->","protected":false},"excerpt":{"rendered":"","protected":false},"author":207,"featured_media":648,"parent":0,"menu_order":0,"comment_status":"closed","ping_status":"closed","template":"","meta":{"_et_pb_use_builder":"off","_et_pb_old_content":"","_et_gb_content_width":"","ngg_post_thumbnail":0,"footnotes":""},"class_list":["post-156","page","type-page","status-publish","has-post-thumbnail","hentry"],"_links":{"self":[{"href":"https:\/\/przegorzaly.pl\/index.php?rest_route=\/wp\/v2\/pages\/156","targetHints":{"allow":["GET"]}}],"collection":[{"href":"https:\/\/przegorzaly.pl\/index.php?rest_route=\/wp\/v2\/pages"}],"about":[{"href":"https:\/\/przegorzaly.pl\/index.php?rest_route=\/wp\/v2\/types\/page"}],"author":[{"embeddable":true,"href":"https:\/\/przegorzaly.pl\/index.php?rest_route=\/wp\/v2\/users\/207"}],"replies":[{"embeddable":true,"href":"https:\/\/przegorzaly.pl\/index.php?rest_route=%2Fwp%2Fv2%2Fcomments&post=156"}],"version-history":[{"count":240,"href":"https:\/\/przegorzaly.pl\/index.php?rest_route=\/wp\/v2\/pages\/156\/revisions"}],"predecessor-version":[{"id":2261,"href":"https:\/\/przegorzaly.pl\/index.php?rest_route=\/wp\/v2\/pages\/156\/revisions\/2261"}],"wp:featuredmedia":[{"embeddable":true,"href":"https:\/\/przegorzaly.pl\/index.php?rest_route=\/wp\/v2\/media\/648"}],"wp:attachment":[{"href":"https:\/\/przegorzaly.pl\/index.php?rest_route=%2Fwp%2Fv2%2Fmedia&parent=156"}],"curies":[{"name":"wp","href":"https:\/\/api.w.org\/{rel}","templated":true}]}}