{"id":119,"date":"2022-02-14T11:44:14","date_gmt":"2022-02-14T10:44:14","guid":{"rendered":"https:\/\/przegorzaly.ccmiatfdtj.cfolks.pl\/?page_id=119"},"modified":"2025-11-14T19:53:55","modified_gmt":"2025-11-14T18:53:55","slug":"informacje-dla-kandydatow-i-rodzicow","status":"publish","type":"page","link":"https:\/\/przegorzaly.pl\/?page_id=119","title":{"rendered":"Informacje dla kandydat\u00f3w i rodzic\u00f3w"},"content":{"rendered":"<p><span style=\"color: #0000ff\"><strong>Informacje dla kandydat\u00f3w i rodzic\u00f3w<\/strong><\/span><\/p>\n<p>Je\u017celi kandydat jest z innej parafii lub je\u017celi by\u0142 on ochrzczony poza nasz\u0105 parafi\u0105, w odpowiednim czasie dostarcza skr\u00f3cony wyci\u0105g aktu chrztu. By zosta\u0107 dopuszczonym do sakramentu bierzmowania kandydat realizuje wszystkie wskaz\u00f3wki zamieszczone w znanej sobie wcze\u015bniej deklaracji, okre\u015blaj\u0105cej wymogi i tryb dopuszczenia do sakramentu.<\/p>\n<p>Kandydat do bierzmowania odpowiednio wcze\u015bniej obiera sobie imi\u0119 bierzmowania (musi to by\u0107 imi\u0119 osoby og\u0142oszonej przez Ko\u015bci\u00f3\u0142 jako \u015bwi\u0119tej lub b\u0142ogos\u0142awionej). Patronem bierzmowanego powinna by\u0107 osoba bliska osobowo\u015bci kandydata. Kandydat zna i na\u015bladuje swojego Patrona, modli si\u0119 do Boga przez Jego or\u0119downictwo. Wyb\u00f3r patrona nie mo\u017ce by\u0107 podyktowany wp\u0142ywem mody czy te\u017c opinii otoczenia.<\/p>\n<p>\u015awiadkami bierzmowania z zasady powinni by\u0107 rodzice chrzestni kandydata, a gdy jest to niemo\u017cliwe, w\u00f3wczas inni wierz\u0105cy (praktykuj\u0105cy) i bierzmowani katolicy, albo sami rodzicie kandydata. W czasie obrz\u0119du sakramentu \u015bwiadek k\u0142adzie praw\u0105 d\u0142o\u0144 na ramieniu kandydata na znak, \u017ce b\u0119dzie go wspiera\u0142 rad\u0105 i czynem w \u017cyciu zgodnym z wyznawan\u0105 wiar\u0105. \u015awiadkowie ponadto, powinni by\u0107 do bierzmowania odpowiednio przygotowani i razem z bierzmowanym przyj\u0105\u0107 Komuni\u0119 \u015awi\u0119t\u0105.<\/p>\n","protected":false},"excerpt":{"rendered":"<p>Informacje dla kandydat\u00f3w i rodzic\u00f3w Je\u017celi kandydat jest z innej parafii lub je\u017celi by\u0142 on ochrzczony poza nasz\u0105 parafi\u0105, w odpowiednim czasie dostarcza skr\u00f3cony wyci\u0105g aktu chrztu. By zosta\u0107 dopuszczonym do sakramentu bierzmowania kandydat realizuje wszystkie wskaz\u00f3wki zamieszczone w znanej sobie wcze\u015bniej deklaracji, okre\u015blaj\u0105cej wymogi i tryb dopuszczenia do sakramentu. Kandydat do bierzmowania odpowiednio wcze\u015bniej [&hellip;]<\/p>\n","protected":false},"author":207,"featured_media":0,"parent":2164,"menu_order":2,"comment_status":"closed","ping_status":"closed","template":"","meta":{"_et_pb_use_builder":"","_et_pb_old_content":"","_et_gb_content_width":"","ngg_post_thumbnail":0,"footnotes":""},"class_list":["post-119","page","type-page","status-publish","hentry"],"_links":{"self":[{"href":"https:\/\/przegorzaly.pl\/index.php?rest_route=\/wp\/v2\/pages\/119","targetHints":{"allow":["GET"]}}],"collection":[{"href":"https:\/\/przegorzaly.pl\/index.php?rest_route=\/wp\/v2\/pages"}],"about":[{"href":"https:\/\/przegorzaly.pl\/index.php?rest_route=\/wp\/v2\/types\/page"}],"author":[{"embeddable":true,"href":"https:\/\/przegorzaly.pl\/index.php?rest_route=\/wp\/v2\/users\/207"}],"replies":[{"embeddable":true,"href":"https:\/\/przegorzaly.pl\/index.php?rest_route=%2Fwp%2Fv2%2Fcomments&post=119"}],"version-history":[{"count":3,"href":"https:\/\/przegorzaly.pl\/index.php?rest_route=\/wp\/v2\/pages\/119\/revisions"}],"predecessor-version":[{"id":2185,"href":"https:\/\/przegorzaly.pl\/index.php?rest_route=\/wp\/v2\/pages\/119\/revisions\/2185"}],"up":[{"embeddable":true,"href":"https:\/\/przegorzaly.pl\/index.php?rest_route=\/wp\/v2\/pages\/2164"}],"wp:attachment":[{"href":"https:\/\/przegorzaly.pl\/index.php?rest_route=%2Fwp%2Fv2%2Fmedia&parent=119"}],"curies":[{"name":"wp","href":"https:\/\/api.w.org\/{rel}","templated":true}]}}